actor of 652 and 266?
2
Calculate the highest common factor of 10665 and 4424.
79
Calculate the greatest common factor of 16650 and 148.
74
Calculate the highest common factor of 34 and 37723.
17
Calculate the highest common factor of 33297 and 528.
33
What is the greatest common factor of 15 and 534855?
15
What is the highest common factor of 24300 and 108?
108
Calculate the highest common divisor of 6566 and 2058.
98
What is the greatest common factor of 8004 and 75371?
667
What is the highest common divisor of 695 and 4532095?
695
Calculate the highest common factor of 37828 and 49.
49
Calculate the greatest common factor of 323 and 3306.
19
Calculate the highest common factor of 197057 and 91.
7
Calculate the highest common factor of 503816 and 3976.
568
Calculate the highest common factor of 41658 and 689.
53
Calculate the highest common factor of 408 and 457011.
51
What is the highest common divisor of 26587 and 11?
11
Calculate the greatest common factor of 29151 and 474.
237
Calculate the greatest common divisor of 615310 and 70.
10
Calculate the highest common factor of 4392 and 418216.
488
Calculate the greatest common divisor of 117 and 65013.
39
What is the highest common divisor of 2516 and 672956?
148
What is the highest common factor of 27094 and 138?
46
What is the highest common divisor of 4734 and 1876242?
1578
Calculate the highest common divisor of 152 and 161842.
38
Calculate the highest common divisor of 11433 and 51.
3
Calculate the greatest common factor of 531 and 158.
1
What is the highest common factor of 6970 and 95?
5
What is the highest common divisor of 7100 and 205?
5
What is the greatest common divisor of 3408 and 6177?
213
What is the highest common divisor of 648 and 394776?
72
Calculate the greatest common divisor of 792 and 919368.
72
Calculate the highest common divisor of 5190 and 1215.
15
Calculate the greatest common divisor of 36 and 23022.
18
What is the highest common factor of 960 and 69?
3
What is the greatest common factor of 274638 and 112?
14
What is the greatest common divisor of 35760 and 35?
5
Calculate the highest common divisor of 135 and 10522440.
135
What is the highest common factor of 1245 and 30?
15
What is the highest common divisor of 687071 and 77?
77
What is the highest common divisor of 9307 and 287?
41
Calculate the highest common divisor of 312901 and 314.
157
What is the greatest common divisor of 517 and 7997?
11
Calculate the greatest common divisor of 7805 and 980.
35
Calculate the greatest common factor of 102 and 1055496.
102
Calculate the greatest common divisor of 48168 and 2230.
446
What is the highest common divisor of 184227 and 3?
3
Calculate the highest common divisor of 8368 and 14064.
16
What is the highest common divisor of 2072 and 17472?
56
Calculate the greatest common divisor of 332 and 1479558.
166
Calculate the greatest common divisor of 115572 and 372.
12
What is the highest common divisor of 18343 and 2907?
17
What is the highest common divisor of 179889 and 366?
183
Calculate the greatest common divisor of 77 and 5732573.
77
What is the greatest common factor of 19080 and 4248?
72
Calculate the greatest common factor of 8756 and 8.
4
What is the greatest common factor of 141814 and 43?
43
What is the highest common factor of 2842 and 3190?
58
What is the greatest common factor of 713201 and 272?
17
What is the greatest common factor of 116 and 7946?
58
What is the greatest common factor of 6399 and 182016?
711
Calculate the greatest common factor of 714 and 3426486.
714
Calculate the highest common divisor of 1462920 and 24.
24
What is the highest common factor of 40 and 137960?
40
Calculate the greatest common divisor of 67 and 1.
1
Calculate the highest common factor of 1332 and 18537.
111
What is the highest common divisor of 943838 and 4?
2
What is the highest common divisor of 20874 and 9807?
21
Calculate the greatest common divisor of 328586 and 114.
38
Calculate the highest common divisor of 5053 and 10921.
163
What is the greatest common divisor of 8 and 92344?
8
What is the greatest common factor of 1313 and 6969?
101
What is the greatest common factor of 293 and 41?
1
What is the greatest common divisor of 700959 and 1218?
609
What is the highest common factor of 3960 and 62260?
220
Calculate the highest common factor of 161847 and 1323.
441
What is the greatest common factor of 43360 and 76640?
160
What is the greatest common divisor of 297 and 23067?
99
What is the highest common divisor of 26348 and 84?
28
Calculate the greatest common factor of 305 and 4453.
61
Calculate the highest common factor of 4408 and 91379.
29
Calculate the highest common factor of 1351395 and 295.
295
Calculate the highest common factor of 4750 and 342.
38
Calculate the highest common divisor of 250 and 1063325.
25
Calculate the greatest common divisor of 36 and 27792.
36
What is the greatest common factor of 51 and 9948?
3
What is the greatest common factor of 110502 and 774?
18
Calculate the highest common divisor of 18 and 14011038.
18
Calculate the highest common divisor of 15 and 83256.
3
What is the highest common divisor of 56550 and 5265?
195
What is the highest common factor of 1 and 289182?
1
Calculate the greatest common divisor of 2119 and 52.
13
What is the greatest common factor of 291 and 187113?
291
What is the highest common factor of 18786 and 651?
93
Calculate the highest common factor of 38456 and 18392.
1672
What is the highest common factor of 7 and 34027?
7
Calculate the greatest common divisor of 30 and 1327494.
6
Calculate the greatest common divisor of 39 and 66313.
13
What is the highest common divisor of 131 and 820453?
131
What is the highest common divisor of 3696 and 8547?
231
Calculate the highest common factor of 10478 and 124.
62
What is the greatest common divisor of 1107625 and 125?
125
What is the greatest common factor of 6220080 and 16?
16
What is the greatest common divisor of 3655 and 272?
17
Calculate the highest common factor of 37730 and 130130.
770
What is the greatest common factor of 1145 and 100989?
229
Calculate the highest common divisor of 88 and 2463406.
22
Calculate the greatest common divisor of 89720 and 5.
5
What is the greatest common factor of 66401 and 23?
23
What is the highest common factor of 98622 and 234?
18
Calculate the greatest common factor of 32022 and 3834.
54
What is the highest common factor of 20110 and 130?
10
What is the greatest common factor of 5500 and 1892?
44
Calculate the highest common divisor of 464 and 172463.
29
What is the greatest common divisor of 44256 and 1788?
12
What is the greatest common divisor of 5175 and 1845?
45
What is the highest common factor of 21 and 18411?
3
Calculate the highest common factor of 1074 and 2589.
3
Calculate the highest common divisor of 4818 and 7128.
66
Calculate the greatest common divisor of 31624 and 100500.
268
Calculate the highest common factor of 38155 and 140.
5
Calculate the greatest common factor of 9200 and 2144750.
1150
Calculate the greatest common divisor of 640 and 1485.
5
Calculate the greatest common divisor of 218120 and 126198.
1558
What is the highest common divisor of 87766 and 658?
14
What is the greatest common factor of 620136 and 308?
44
Calculate the highest common factor of 28 and 6001324.
28
What is the highest common divisor of 184 and 12374?
46
Calculate the highest common divisor of 155 and 301723.
31
What is the greatest common factor of 13372 and 4?
4
Calculate the highest common divisor of 11700 and 60795.
45
What is the greatest common factor of 139312 and 80?
16
Calculate the highest common factor of 276420 and 80.
20
What is the highest common divisor of 9 and 29475?
9
What is the highest common factor of 133 and 49?
7
What is the highest common divisor of 1653969 and 57?
57
Calculate the highest common factor of 17991 and 36.
9
What is the greatest common factor of 7956 and 10285?
17
Calculate the highest common factor of 52343 and 34.
17
What is the highest common factor of 2735 and 1733443?
547
What is the highest common divisor of 952 and 833?
119
Calculate the highest common divisor of 1392 and 22098.
174
Calculate the highest common factor of 24417 and 18.
9
What is the greatest common factor of 12 